the prime factors of s.
139
Let f be 36/(-54) - (-137)/3. Suppose 9*v - 4*v - f = 0. List the prime factors of (v/(-6) + 3)*28.
2, 3, 7
Let c(v) = -2*v - 1. Let a be c(-6). Suppose 0 = -4*t + a + 5. Suppose 105 + 51 = 4*i - 4*z, 5*i - 192 = t*z. What are the prime factors of i?
2, 3
Let j be (-1)/2*-3*2. Let d be (-1)/j + (-7)/(-3). Suppose 0*c + 42 = d*c. What are the prime factors of c?
3, 7
What are the prime factors of 594 - (-6 - (-10 - -1))?
3, 197
Suppose 145*u = 148*u - 2073. What are the prime factors of u?
691
Suppose 4*b + 5*t = 7*b - 3554, 0 = -b + 5*t + 1198. What are the prime factors of b?
2, 19, 31
Let v(h) = 18*h**2 + 4*h - 8. Let m be v(4). Let c be (-4 + 3)/((-4)/m). Let f = c - 41. What are the prime factors of f?
3, 11
What are the prime factors of ((-9)/(-54)*12)/((-2)/(-809))?
809
List the prime factors of -1078*3*3/(-6).
3, 7, 11
Suppose -r = y - 514, 4*r + y - 2080 = 5*y. List the prime factors of r.
11, 47
List the prime factors of (-2)/9*-3*909/1.
2, 3, 101
Suppose 1071 = w - 3*o, -w - w - 4*o = -2162. What are the prime factors of w?
3, 359
Let z be 4/(3 - -1)*-26. Let m = 55 + z. Suppose 0 = -4*h + 3*q + 101, 0 = -h + 2*h + 3*q - m. List the prime factors of h.
2, 13
Suppose 2*o - 5*l = 5, 3*o - 3 = l + 2*l. Let b be -2 - (-70 - (-2 - 2)). Suppose -f + o*f = -b. What are the prime factors of f?
2
List the prime factors of (-12780)/54*(-6 + 3).
2, 5, 71
Let f(t) = 89*t - 198. List the prime factors of f(6).
2, 3, 7
List the prime factors of -337*(9 - 12 - (3 + -2)).
2, 337
Suppose 5*t = 5186 - 1231. List the prime factors of t.
7, 113
What are the prime factors of 17/((-374)/385)*532/(-10)?
7, 19
Suppose -36*p + 26*p = -1430. List the prime factors of p.
11, 13
Let d(l) = 7*l**2 + 40*l + 12. Let p be 2/(-12) - (4 - 175/(-30)). What are the prime factors of d(p)?
2, 3, 13
Let j = 204 + -63. What are the prime factors of j?
3, 47
Suppose 2*x + 0*x - g = -494, -4*x = 3*g + 1008. Let r = -156 - x. What are the prime factors of r?
3, 31
Let x = -22 - -1617. List the prime factors of x.
5, 11, 29
Suppose 3*m + 4*k - 25 = 0, 2*k - 18 = -2*m - k. Suppose d = 4*y - 3*d - 68, -y = m*d - 21. What are the prime factors of (-88)/33*y/(-4)?
2, 3
Let f(p) = -4*p + 17. Let w = 28 + -34. What are the prime factors of f(w)?
41
Suppose -72*l - 2346 = -64122. What are the prime factors of l?
2, 3, 11, 13
Suppose 5*b = -c + 6*c + 25, b = -c - 1. Suppose -12 = -p + b. Let t = p + 13. What are the prime factors of t?
3
Let d = 143 - 138. List the prime factors of d.
5
Suppose 5*u - 20 = 0, 3*q = -u - 1660 + 8870. What are the prime factors of q?
2, 1201
Let a = 315 - -20. What are the prime factors of a?
5, 67
Let f be (-15)/12 - 2/(-8). What are the prime factors of ((-4)/f)/(-1) - -57?
53
Suppose 0 = -4*q - 5*i + 6868, q + 12*i - 1718 = 11*i. List the prime factors of q.
2, 3, 7, 41
Suppose -4*r + 4*f + 3792 = 0, 0 = -0*f - f - 3. List the prime factors of r.
3, 5, 7
Let o(p) = p**2 - p - 9. Suppose -2*m - 16 = -24. What are the prime factors of o(m)?
3
Let l(w) = 3*w + 1. Suppose -4*s - 28 = -4*z, -6*s = -s - 4*z + 30. Let a be l(s). List the prime factors of ((-156)/(-15))/(a/(-25)).
2, 13
Let i be ((-240)/8)/(-3*2/45). Let b = i + -106. What are the prime factors of b?
7, 17
Suppose 3*c - 8441 = -20*c. List the prime factors of c.
367
Let p(x) be the third derivative of -x**4/24 + x**3/3 - 8*x**2. Let w be p(-3). Suppose 0 = -w*h + 82 - 2. What are the prime factors of h?
2
Let n(o) = 44 - 4*o - 2178*o**2 + 20*o + 2180*o**2. List the prime factors of n(-6).
2, 5
Suppose 3*r + 4*g - 672 = 0, 18*r + 208 = 19*r - 4*g. What are the prime factors of r?
2, 5, 11
Suppose -4*i + 58 = 4*t - 2*t, -4*i + 46 = -2*t. Let d(s) = s**3 - 14*s**2 + 15*s - 20. What are the prime factors of d(i)?
2, 3
Suppose -b + 1641 = 2*x, 0 = -2*x - 2*b - 0*b + 1642. What are the prime factors of x?
2, 5, 41
Suppose -4*s + 25126 = s + 2*d, 15068 = 3*s + 5*d. List the prime factors of s.
2, 7, 359
Let z be (3/12)/((-4)/(-80)). Suppose -g + 76 = g + 4*u, z*g = -4*u + 184. List the prime factors of g.
2, 3
Let z be 1/4 - (-14)/8. Let y be 1/3*3 + (9 - 3). What are the prime factors of (y - 1)*2*z?
2, 3
Suppose -45*m + 63082 + 54773 = 0. What are the prime factors of m?
3, 97
Let a(k) = -12*k + 26. Let b = 95 + -95. What are the prime factors of a(b)?
2, 13
Let i be ((-26)/169 - (-9)/(-26))*12. Let a = -32 + 61. List the prime factors of (i - -8) + a*1.
31
Let z(u) = 2*u + 35. Let n(m) = 3*m + 36. Let l(j) = 3*n(j) - 2*z(j). What are the prime factors of l(17)?
3, 41
Let r be (-10)/(-3) - (-30)/18. Suppose -r*z + 6*z - 258 = 0. What are the prime factors of z?
2, 3, 43
Let n = 1273 + -750. What are the prime factors of n?
523
Let x be (-4)/(-10)*(-65)/(-26). Suppose 3*d + 2*j - 20 = 0, -2*j + 7 = -x. Suppose 0 = w + d*w - 235. What are the prime factors of w?
47
Let j = 1582 + -1012. What are the prime factors of j?
2, 3, 5, 19
Let v(d) = -d**2 + 13*d + 18. Let s be v(14). Suppose -3*n - 3*i - s = -28, 3*n = -2*i + 29. Let b = 24 - n. List the prime factors of b.
11
Let c(j) = -3*j**2 - 4*j + 505. What are the prime factors of c(0)?
5, 101
What are the prime factors of (2 + -1)/((-7)/(-3325))?
5, 19
Suppose 4*l - 665 = 2*t + 877, 3*t + 3 = 0. What are the prime factors of l?
5, 7, 11
Suppose 2097 - 765 = 6*x. Suppose -7*q - x = -10*q. List the prime factors of q.
2, 37
Let b(p) = -p**3 - 4*p**2 - 3*p + 2. Let h be b(-3). Suppose -2*s = -3*s + h. Suppose j = -s*j - 9, f + 3*j - 25 = 0. What are the prime factors of f?
2, 17
Let a(j) = j**2 + 5*j - 16. Let i be a(-7). Let n(k) = k**3 + k**2 - 4*k - 3. Let g be n(i). List the prime factors of (65/(-10))/(g/(-6)).
3, 13
Suppose 6*n = -125 - 55. Let u = 40 + n. What are the prime factors of u?
2, 5
Suppose -16*p + 20*p = 240. Suppose -p = -3*q - 0. List the prime factors of q.
2, 5
Suppose -72 = -2*o + 1344. What are the prime factors of o?
2, 3, 59
Suppose 0 = -4*f - 414237 - 506739. Let i be f/91 - (-2)/13. What are the prime factors of 2/(-8) + i/(-40)?
3, 7
Suppose -18*k + 793 = -9485. List the prime factors of k.
571
Let n(y) = -y**3 - 6*y**2 - 39*y - 39. What are the prime factors of n(-16)?
5, 17, 37
Let d(v) = -241*v + 242. List the prime factors of d(-6).
2, 211
Suppose -17*x = -22*x + 3510. List the prime factors of (-2)/((-20)/x) - 5/25.
2, 5, 7
What are the prime factors of (-51)/(-68) + (-362)/(-8)?
2, 23
What are the prime factors of (-25)/5 + (356 - (1 + 3))?
347
Let v be 2/((-14)/(-3) + -4). Suppose 5*k - 4*d = -313, 3*k + v*d = -6 - 171. Let n = k - -117. What are the prime factors of n?
2, 7
Let o be (50/(-6))/(6/(-18)). List the prime factors of (o/15)/(2/42).
5, 7
Let f be 73/(26/(-5) + 5). Let s = f - -568. List the prime factors of s.
7, 29
Let g(v) = v - 8. Let k be g(8). Suppose 2*n + k = x + 1, -3*n + 5*x = 16. Suppose -46 - 83 = -n*l. List the prime factors of l.
43
Let w(d) = -1351*d - 19. What are the prime factors of w(-1)?
2, 3, 37
Suppose 0 = -h + 32 + 482. List the prime factors of h.
2, 257
List the prime factors of -2 + -6 - -5 - (-1 - 2389).
7, 11, 31
Let h(q) = q**3 + 12*q**2 + 8. Let k be h(-12). Suppose 0 = -15*s + k*s + 2492. List the prime factors of s.
2, 89
List the prime factors of ((98/(-70))/7)/((-2)/5930).
593
Suppose 3*v = 5*v, 3*v = -5*b + 20. Let i(x) = -b + x + 2 + x + 6*x**3 - 3*x**2. What are the prime factors of i(2)?
2, 19
Let v be (-950)/6 - (-12)/(-18). Let c be (v/9)/((-2)/6). Let j = c - 32. What are the prime factors of j?
3, 7
Let g = 10 + -6. Suppose 0 = g*w + w. Suppose w = -2*b + 5*b - 66. List the prime factors of b.
2, 11
Let g be (-416)/(-14) - (-2)/7. Suppose 0 = 3*x + 2*s + 2*s - g, -2*x + 5*s + 20 = 0. Let c(v) = v**3 - 11*v**2 + 12*v - 4. What are the prime factors of c(x)?
2
Let l(d) = 2*d - 82. Let j be l(32). What are the prime factors of (-5570)/j - (-16)/(-36)?
3, 103
Suppose 3*y = 12499 - 772. What are the prime factors of y?
3, 1303
Let u(k) = k**3 + 11*k**2 - 10*k + 6. What are the prime factors of u(-10)?
2, 103
Suppose -80110 = -38*b + 9760. List the prime factors of b.
5, 11, 43
Suppose 5*m - 4*p + 6*p + 366 = 0, m + 5*p = -87. Let n be ((-13)/4)/(6/m). List the prime factors of -1 - 2 - n/(-1).
2, 3
Suppose 0 = g - 53 - 36. What are the p